{"id":2088,"date":"2020-02-18T09:49:38","date_gmt":"2020-02-18T08:49:38","guid":{"rendered":"https:\/\/www.ataunturismoa.eus\/recorrido_pie\/ruta-de-los-requetes\/"},"modified":"2023-10-14T15:36:15","modified_gmt":"2023-10-14T13:36:15","slug":"ruta-de-los-requetes","status":"publish","type":"oinezko_ibilbideak","link":"https:\/\/www.ataunturismoa.eus\/es\/rutas-a-pie\/ruta-de-los-requetes\/","title":{"rendered":"Ruta de los requet\u00e9s"},"content":{"rendered":"<p>Esta ruta repite la traves\u00eda que realizaron los requet\u00e9s navarros en 1936, durante el Alzamiento Nacional, para hacerse con Ataun. Comienza en Lizarrusti y termina en la plaza de San Mart\u00edn, frente al ayuntamiento. Dura unas 6 horas y discurre por muchos parajes de Ataun.<\/p>\n","protected":false},"featured_media":493,"template":"","class_list":["post-2088","oinezko_ibilbideak","type-oinezko_ibilbideak","status-publish","has-post-thumbnail","hentry"],"acf":[],"yoast_head":"<!-- This site is optimized with the Yoast SEO plugin v27.5 - https:\/\/yoast.com\/product\/yoast-seo-wordpress\/ -->\n<title>Ruta de los requet\u00e9s - Ataun Turismoa<\/title>\n<meta name=\"robots\" content=\"index, follow, max-snippet:-1, max-image-preview:large, max-video-preview:-1\" \/>\n<link rel=\"canonical\" href=\"https:\/\/www.ataunturismoa.eus\/es\/rutas-a-pie\/ruta-de-los-requetes\/\" \/>\n<meta property=\"og:locale\" content=\"es_ES\" \/>\n<meta property=\"og:type\" content=\"article\" \/>\n<meta property=\"og:title\" content=\"Ruta de los requet\u00e9s - Ataun Turismoa\" \/>\n<meta property=\"og:description\" content=\"Esta ruta repite la traves\u00eda que realizaron los requet\u00e9s navarros en 1936, durante el Alzamiento Nacional, para hacerse con Ataun. Comienza en Lizarrusti y termina en la plaza de San Mart\u00edn, frente al ayuntamiento. Dura unas 6 horas y discurre por muchos parajes de Ataun.\" \/>\n<meta property=\"og:url\" content=\"https:\/\/www.ataunturismoa.eus\/es\/rutas-a-pie\/ruta-de-los-requetes\/\" \/>\n<meta property=\"og:site_name\" content=\"Ataun Turismoa\" \/>\n<meta property=\"article:modified_time\" content=\"2023-10-14T13:36:15+00:00\" \/>\n<meta property=\"og:image\" content=\"https:\/\/www.ataunturismoa.eus\/wp-content\/uploads\/2019\/09\/erreketeen-bidea.jpg\" \/>\n\t<meta property=\"og:image:width\" content=\"1600\" \/>\n\t<meta property=\"og:image:height\" content=\"1200\" \/>\n\t<meta property=\"og:image:type\" content=\"image\/jpeg\" \/>\n<meta name=\"twitter:card\" content=\"summary_large_image\" \/>\n<meta name=\"twitter:label1\" content=\"Tiempo de lectura\" \/>\n\t<meta name=\"twitter:data1\" content=\"1 minuto\" \/>\n<script type=\"application\/ld+json\" class=\"yoast-schema-graph\">{\"@context\":\"https:\\\/\\\/schema.org\",\"@graph\":[{\"@type\":\"WebPage\",\"@id\":\"https:\\\/\\\/www.ataunturismoa.eus\\\/es\\\/rutas-a-pie\\\/ruta-de-los-requetes\\\/\",\"url\":\"https:\\\/\\\/www.ataunturismoa.eus\\\/es\\\/rutas-a-pie\\\/ruta-de-los-requetes\\\/\",\"name\":\"Ruta de los requet\u00e9s - Ataun Turismoa\",\"isPartOf\":{\"@id\":\"https:\\\/\\\/www.ataunturismoa.eus\\\/eu\\\/#website\"},\"primaryImageOfPage\":{\"@id\":\"https:\\\/\\\/www.ataunturismoa.eus\\\/es\\\/rutas-a-pie\\\/ruta-de-los-requetes\\\/#primaryimage\"},\"image\":{\"@id\":\"https:\\\/\\\/www.ataunturismoa.eus\\\/es\\\/rutas-a-pie\\\/ruta-de-los-requetes\\\/#primaryimage\"},\"thumbnailUrl\":\"https:\\\/\\\/www.ataunturismoa.eus\\\/wp-content\\\/uploads\\\/2019\\\/09\\\/erreketeen-bidea.jpg\",\"datePublished\":\"2020-02-18T08:49:38+00:00\",\"dateModified\":\"2023-10-14T13:36:15+00:00\",\"breadcrumb\":{\"@id\":\"https:\\\/\\\/www.ataunturismoa.eus\\\/es\\\/rutas-a-pie\\\/ruta-de-los-requetes\\\/#breadcrumb\"},\"inLanguage\":\"es\",\"potentialAction\":[{\"@type\":\"ReadAction\",\"target\":[\"https:\\\/\\\/www.ataunturismoa.eus\\\/es\\\/rutas-a-pie\\\/ruta-de-los-requetes\\\/\"]}]},{\"@type\":\"ImageObject\",\"inLanguage\":\"es\",\"@id\":\"https:\\\/\\\/www.ataunturismoa.eus\\\/es\\\/rutas-a-pie\\\/ruta-de-los-requetes\\\/#primaryimage\",\"url\":\"https:\\\/\\\/www.ataunturismoa.eus\\\/wp-content\\\/uploads\\\/2019\\\/09\\\/erreketeen-bidea.jpg\",\"contentUrl\":\"https:\\\/\\\/www.ataunturismoa.eus\\\/wp-content\\\/uploads\\\/2019\\\/09\\\/erreketeen-bidea.jpg\",\"width\":1600,\"height\":1200},{\"@type\":\"BreadcrumbList\",\"@id\":\"https:\\\/\\\/www.ataunturismoa.eus\\\/es\\\/rutas-a-pie\\\/ruta-de-los-requetes\\\/#breadcrumb\",\"itemListElement\":[{\"@type\":\"ListItem\",\"position\":1,\"name\":\"Inicio\",\"item\":\"https:\\\/\\\/www.ataunturismoa.eus\\\/es\\\/\"},{\"@type\":\"ListItem\",\"position\":2,\"name\":\"Oinezko ibilbideak\",\"item\":\"https:\\\/\\\/www.ataunturismoa.eus\\\/eu\\\/oinezko-ibilbideak\\\/\"},{\"@type\":\"ListItem\",\"position\":3,\"name\":\"Ruta de los requet\u00e9s\"}]},{\"@type\":\"WebSite\",\"@id\":\"https:\\\/\\\/www.ataunturismoa.eus\\\/eu\\\/#website\",\"url\":\"https:\\\/\\\/www.ataunturismoa.eus\\\/eu\\\/\",\"name\":\"Ataun Turismoa\",\"description\":\"\",\"potentialAction\":[{\"@type\":\"SearchAction\",\"target\":{\"@type\":\"EntryPoint\",\"urlTemplate\":\"https:\\\/\\\/www.ataunturismoa.eus\\\/eu\\\/?s={search_term_string}\"},\"query-input\":{\"@type\":\"PropertyValueSpecification\",\"valueRequired\":true,\"valueName\":\"search_term_string\"}}],\"inLanguage\":\"es\"}]}<\/script>\n<!-- \/ Yoast SEO plugin. -->","yoast_head_json":{"title":"Ruta de los requet\u00e9s - Ataun Turismoa","robots":{"index":"index","follow":"follow","max-snippet":"max-snippet:-1","max-image-preview":"max-image-preview:large","max-video-preview":"max-video-preview:-1"},"canonical":"https:\/\/www.ataunturismoa.eus\/es\/rutas-a-pie\/ruta-de-los-requetes\/","og_locale":"es_ES","og_type":"article","og_title":"Ruta de los requet\u00e9s - Ataun Turismoa","og_description":"Esta ruta repite la traves\u00eda que realizaron los requet\u00e9s navarros en 1936, durante el Alzamiento Nacional, para hacerse con Ataun. Comienza en Lizarrusti y termina en la plaza de San Mart\u00edn, frente al ayuntamiento. Dura unas 6 horas y discurre por muchos parajes de Ataun.","og_url":"https:\/\/www.ataunturismoa.eus\/es\/rutas-a-pie\/ruta-de-los-requetes\/","og_site_name":"Ataun Turismoa","article_modified_time":"2023-10-14T13:36:15+00:00","og_image":[{"width":1600,"height":1200,"url":"https:\/\/www.ataunturismoa.eus\/wp-content\/uploads\/2019\/09\/erreketeen-bidea.jpg","type":"image\/jpeg"}],"twitter_card":"summary_large_image","twitter_misc":{"Tiempo de lectura":"1 minuto"},"schema":{"@context":"https:\/\/schema.org","@graph":[{"@type":"WebPage","@id":"https:\/\/www.ataunturismoa.eus\/es\/rutas-a-pie\/ruta-de-los-requetes\/","url":"https:\/\/www.ataunturismoa.eus\/es\/rutas-a-pie\/ruta-de-los-requetes\/","name":"Ruta de los requet\u00e9s - Ataun Turismoa","isPartOf":{"@id":"https:\/\/www.ataunturismoa.eus\/eu\/#website"},"primaryImageOfPage":{"@id":"https:\/\/www.ataunturismoa.eus\/es\/rutas-a-pie\/ruta-de-los-requetes\/#primaryimage"},"image":{"@id":"https:\/\/www.ataunturismoa.eus\/es\/rutas-a-pie\/ruta-de-los-requetes\/#primaryimage"},"thumbnailUrl":"https:\/\/www.ataunturismoa.eus\/wp-content\/uploads\/2019\/09\/erreketeen-bidea.jpg","datePublished":"2020-02-18T08:49:38+00:00","dateModified":"2023-10-14T13:36:15+00:00","breadcrumb":{"@id":"https:\/\/www.ataunturismoa.eus\/es\/rutas-a-pie\/ruta-de-los-requetes\/#breadcrumb"},"inLanguage":"es","potentialAction":[{"@type":"ReadAction","target":["https:\/\/www.ataunturismoa.eus\/es\/rutas-a-pie\/ruta-de-los-requetes\/"]}]},{"@type":"ImageObject","inLanguage":"es","@id":"https:\/\/www.ataunturismoa.eus\/es\/rutas-a-pie\/ruta-de-los-requetes\/#primaryimage","url":"https:\/\/www.ataunturismoa.eus\/wp-content\/uploads\/2019\/09\/erreketeen-bidea.jpg","contentUrl":"https:\/\/www.ataunturismoa.eus\/wp-content\/uploads\/2019\/09\/erreketeen-bidea.jpg","width":1600,"height":1200},{"@type":"BreadcrumbList","@id":"https:\/\/www.ataunturismoa.eus\/es\/rutas-a-pie\/ruta-de-los-requetes\/#breadcrumb","itemListElement":[{"@type":"ListItem","position":1,"name":"Inicio","item":"https:\/\/www.ataunturismoa.eus\/es\/"},{"@type":"ListItem","position":2,"name":"Oinezko ibilbideak","item":"https:\/\/www.ataunturismoa.eus\/eu\/oinezko-ibilbideak\/"},{"@type":"ListItem","position":3,"name":"Ruta de los requet\u00e9s"}]},{"@type":"WebSite","@id":"https:\/\/www.ataunturismoa.eus\/eu\/#website","url":"https:\/\/www.ataunturismoa.eus\/eu\/","name":"Ataun Turismoa","description":"","potentialAction":[{"@type":"SearchAction","target":{"@type":"EntryPoint","urlTemplate":"https:\/\/www.ataunturismoa.eus\/eu\/?s={search_term_string}"},"query-input":{"@type":"PropertyValueSpecification","valueRequired":true,"valueName":"search_term_string"}}],"inLanguage":"es"}]}},"_links":{"self":[{"href":"https:\/\/www.ataunturismoa.eus\/es\/wp-json\/wp\/v2\/oinezko_ibilbideak\/2088","targetHints":{"allow":["GET"]}}],"collection":[{"href":"https:\/\/www.ataunturismoa.eus\/es\/wp-json\/wp\/v2\/oinezko_ibilbideak"}],"about":[{"href":"https:\/\/www.ataunturismoa.eus\/es\/wp-json\/wp\/v2\/types\/oinezko_ibilbideak"}],"wp:featuredmedia":[{"embeddable":true,"href":"https:\/\/www.ataunturismoa.eus\/es\/wp-json\/wp\/v2\/media\/493"}],"wp:attachment":[{"href":"https:\/\/www.ataunturismoa.eus\/es\/wp-json\/wp\/v2\/media?parent=2088"}],"curies":[{"name":"wp","href":"https:\/\/api.w.org\/{rel}","templated":true}]}}

Ruta de los requetés

<p>Esta ruta repite la travesía que realizaron los requetés navarros en 1936, durante el Alzamiento Nacional, para hacerse con Ataun. Comienza en Lizarrusti y termina en la plaza de San Martín, frente al ayuntamiento. Dura unas 6 horas y discurre por muchos parajes de Ataun.</p>

<!-- This site is optimized with the Yoast SEO plugin v27.5 - https://yoast.com/product/yoast-seo-wordpress/ -->
<title>Ruta de los requetés - Ataun Turismoa</title>
<meta name="robots" content="index, follow, max-snippet:-1, max-image-preview:large, max-video-preview:-1" />
<link rel="canonical" href="https://www.ataunturismoa.eus/es/rutas-a-pie/ruta-de-los-requetes/" />
<meta property="og:locale" content="es_ES" />
<meta property="og:type" content="article" />
<meta property="og:title" content="Ruta de los requetés - Ataun Turismoa" />
<meta property="og:description" content="Esta ruta repite la travesía que realizaron los requetés navarros en 1936, durante el Alzamiento Nacional, para hacerse con Ataun. Comienza en Lizarrusti y termina en la plaza de San Martín, frente al ayuntamiento. Dura unas 6 horas y discurre por muchos parajes de Ataun." />
<meta property="og:url" content="https://www.ataunturismoa.eus/es/rutas-a-pie/ruta-de-los-requetes/" />
<meta property="og:site_name" content="Ataun Turismoa" />
<meta property="article:modified_time" content="2023-10-14T13:36:15+00:00" />
<meta property="og:image" content="https://www.ataunturismoa.eus/wp-content/uploads/2019/09/erreketeen-bidea.jpg" />
	<meta property="og:image:width" content="1600" />
	<meta property="og:image:height" content="1200" />
	<meta property="og:image:type" content="image/jpeg" />
<meta name="twitter:card" content="summary_large_image" />
<meta name="twitter:label1" content="Tiempo de lectura" />
	<meta name="twitter:data1" content="1 minuto" />
<script type="application/ld+json" class="yoast-schema-graph">{"@context":"https:\/\/schema.org","@graph":[{"@type":"WebPage","@id":"https:\/\/www.ataunturismoa.eus\/es\/rutas-a-pie\/ruta-de-los-requetes\/","url":"https:\/\/www.ataunturismoa.eus\/es\/rutas-a-pie\/ruta-de-los-requetes\/","name":"Ruta de los requetés - Ataun Turismoa","isPartOf":{"@id":"https:\/\/www.ataunturismoa.eus\/eu\/#website"},"primaryImageOfPage":{"@id":"https:\/\/www.ataunturismoa.eus\/es\/rutas-a-pie\/ruta-de-los-requetes\/#primaryimage"},"image":{"@id":"https:\/\/www.ataunturismoa.eus\/es\/rutas-a-pie\/ruta-de-los-requetes\/#primaryimage"},"thumbnailUrl":"https:\/\/www.ataunturismoa.eus\/wp-content\/uploads\/2019\/09\/erreketeen-bidea.jpg","datePublished":"2020-02-18T08:49:38+00:00","dateModified":"2023-10-14T13:36:15+00:00","breadcrumb":{"@id":"https:\/\/www.ataunturismoa.eus\/es\/rutas-a-pie\/ruta-de-los-requetes\/#breadcrumb"},"inLanguage":"es","potentialAction":[{"@type":"ReadAction","target":["https:\/\/www.ataunturismoa.eus\/es\/rutas-a-pie\/ruta-de-los-requetes\/"]}]},{"@type":"ImageObject","inLanguage":"es","@id":"https:\/\/www.ataunturismoa.eus\/es\/rutas-a-pie\/ruta-de-los-requetes\/#primaryimage","url":"https:\/\/www.ataunturismoa.eus\/wp-content\/uploads\/2019\/09\/erreketeen-bidea.jpg","contentUrl":"https:\/\/www.ataunturismoa.eus\/wp-content\/uploads\/2019\/09\/erreketeen-bidea.jpg","width":1600,"height":1200},{"@type":"BreadcrumbList","@id":"https:\/\/www.ataunturismoa.eus\/es\/rutas-a-pie\/ruta-de-los-requetes\/#breadcrumb","itemListElement":[{"@type":"ListItem","position":1,"name":"Inicio","item":"https:\/\/www.ataunturismoa.eus\/es\/"},{"@type":"ListItem","position":2,"name":"Oinezko ibilbideak","item":"https:\/\/www.ataunturismoa.eus\/eu\/oinezko-ibilbideak\/"},{"@type":"ListItem","position":3,"name":"Ruta de los requetés"}]},{"@type":"WebSite","@id":"https:\/\/www.ataunturismoa.eus\/eu\/#website","url":"https:\/\/www.ataunturismoa.eus\/eu\/","name":"Ataun Turismoa","description":"","potentialAction":[{"@type":"SearchAction","target":{"@type":"EntryPoint","urlTemplate":"https:\/\/www.ataunturismoa.eus\/eu\/?s={search_term_string}"},"query-input":{"@type":"PropertyValueSpecification","valueRequired":true,"valueName":"search_term_string"}}],"inLanguage":"es"}]}</script>
<!-- / Yoast SEO plugin. -->

Ruta de los requetés - Ataun Turismoa

Esta ruta repite la travesía que realizaron los requetés navarros en 1936, durante el Alzamiento Nacional, para hacerse con Ataun. Comienza en Lizarrusti y termina en la plaza de San Martín, frente al ayuntamiento. Dura unas 6 horas y discurre por muchos parajes de Ataun.
