{"id":2149,"date":"2020-03-27T09:22:23","date_gmt":"2020-03-27T08:22:23","guid":{"rendered":"https:\/\/www.ataunturismoa.eus\/leyenda\/la-lamia-de-sanztegi\/"},"modified":"2020-08-01T16:56:41","modified_gmt":"2020-08-01T14:56:41","slug":"la-lamia-de-sanztegi","status":"publish","type":"leyenda","link":"https:\/\/www.ataunturismoa.eus\/es\/leyenda\/la-lamia-de-sanztegi\/","title":{"rendered":"La lamia de Sanztegi"},"content":{"rendered":"<p><a href=\"https:\/\/www.ataunturismoa.eus\/wp-content\/uploads\/2019\/11\/sanztegi-p.jpg\" data-mce-href=\"https:\/\/www.ataunturismoa.eus\/wp-content\/uploads\/2019\/11\/sanztegi-p.jpg\"><img loading=\"lazy\" decoding=\"async\" class=\"alignleft size-ataun_43_thumbnail wp-image-1611\" src=\"https:\/\/www.ataunturismoa.eus\/wp-content\/uploads\/2019\/11\/sanztegi-p-160x120.jpg\" alt=\"\" width=\"160\" height=\"120\" data-mce-src=\"https:\/\/www.ataunturismoa.eus\/wp-content\/uploads\/2019\/11\/sanztegi-p-160x120.jpg\"><\/a><\/p>\n<p>Como muchos otros en todo el mundo, cierto d\u00eda el due\u00f1o de Sanztegi cultivaba la tierra con sus bueyes.<\/p>\n<p>De repente los bueyes se le escapan hacia el pozo Lami\u00f1osin, con arado y todo. Y del pozo sale una&nbsp;<a href=\"http:\/\/www.ataunturismoa.net\/es\/mitologia-ataunen\/hiztegia.php#lamias\" target=\"_self\" rel=\"noopener noreferrer\" data-mce-href=\"http:\/\/www.ataunturismoa.net\/es\/mitologia-ataunen\/hiztegia.php#lamias\">lamia<\/a>&nbsp;con el cabello enredado en los dientes del arado.<\/p>\n<p>Entonces el hombre dice a la lamia que \u00e9l la mantendr\u00e1 y que vaya con \u00e9l a su casa. Y all\u00ed va la lamia, obedeciendo al hombre. Pero por mucho que lo intentara no pod\u00eda articular palabra. Una noche, el hombre puso la leche a cocer y se fue a la cuadra dejando a la lamia sola en la cocina. Cuando la leche comenz\u00f3 a desbordarse la lamia se escap\u00f3 por la chimenea gritando \u00ablo blanco sube\u00bb, dejando su peine en la cocina.<\/p>\n<p>Al d\u00eda siguiente la lamia regres\u00f3 y llam\u00f3 a la se\u00f1ora de Sanztegi:<\/p>\n<p>Se\u00f1ora Geaxi;<br \/>Devu\u00e9lvame mi peine;<br \/>De lo contrario har\u00e9 perder;<br \/>Su futura descendencia.<\/p>\n<p>Entonces Geaxi acudi\u00f3 a su confesor para saber qu\u00e9 deb\u00eda hacer y \u00e9ste le dijo que pusiera el peine de la lamia sobre un palo largo. As\u00ed hizo Geaxi, y llam\u00f3 a la lamia. Vino, cogi\u00f3 el peine y se esfum\u00f3 partiendo el palo en dos. Y color\u00edn colorado, esta historia se ha acabado.<\/p>\n<p><\/p>\n","protected":false},"template":"","class_list":["post-2149","leyenda","type-leyenda","status-publish","hentry"],"acf":[],"yoast_head":"<!-- This site is optimized with the Yoast SEO plugin v27.5 - https:\/\/yoast.com\/product\/yoast-seo-wordpress\/ -->\n<title>La lamia de Sanztegi - Ataun Turismoa<\/title>\n<meta name=\"robots\" content=\"index, follow, max-snippet:-1, max-image-preview:large, max-video-preview:-1\" \/>\n<link rel=\"canonical\" href=\"https:\/\/www.ataunturismoa.eus\/eu\/leyenda\/sanztegiko-lamia\/\" \/>\n<meta property=\"og:locale\" content=\"es_ES\" \/>\n<meta property=\"og:type\" content=\"article\" \/>\n<meta property=\"og:title\" content=\"La lamia de Sanztegi - Ataun Turismoa\" \/>\n<meta property=\"og:description\" content=\"Como muchos otros en todo el mundo, cierto d\u00eda el due\u00f1o de Sanztegi cultivaba la tierra con sus bueyes. De repente los bueyes se le escapan hacia el pozo Lami\u00f1osin, con arado y todo. Y del pozo sale una&nbsp;lamia&nbsp;con el cabello enredado en los dientes del arado. Entonces el hombre dice a la lamia que [&hellip;]\" \/>\n<meta property=\"og:url\" content=\"https:\/\/www.ataunturismoa.eus\/eu\/leyenda\/sanztegiko-lamia\/\" \/>\n<meta property=\"og:site_name\" content=\"Ataun Turismoa\" \/>\n<meta property=\"article:modified_time\" content=\"2020-08-01T14:56:41+00:00\" \/>\n<meta property=\"og:image\" content=\"https:\/\/www.ataunturismoa.eus\/wp-content\/uploads\/2019\/11\/sanztegi-p-160x120.jpg\" \/>\n<meta name=\"twitter:card\" content=\"summary_large_image\" \/>\n<meta name=\"twitter:label1\" content=\"Tiempo de lectura\" \/>\n\t<meta name=\"twitter:data1\" content=\"1 minuto\" \/>\n<script type=\"application\/ld+json\" class=\"yoast-schema-graph\">{\"@context\":\"https:\\\/\\\/schema.org\",\"@graph\":[{\"@type\":\"WebPage\",\"@id\":\"https:\\\/\\\/www.ataunturismoa.eus\\\/eu\\\/leyenda\\\/sanztegiko-lamia\\\/\",\"url\":\"https:\\\/\\\/www.ataunturismoa.eus\\\/eu\\\/leyenda\\\/sanztegiko-lamia\\\/\",\"name\":\"La lamia de Sanztegi - Ataun Turismoa\",\"isPartOf\":{\"@id\":\"https:\\\/\\\/www.ataunturismoa.eus\\\/eu\\\/#website\"},\"primaryImageOfPage\":{\"@id\":\"https:\\\/\\\/www.ataunturismoa.eus\\\/eu\\\/leyenda\\\/sanztegiko-lamia\\\/#primaryimage\"},\"image\":{\"@id\":\"https:\\\/\\\/www.ataunturismoa.eus\\\/eu\\\/leyenda\\\/sanztegiko-lamia\\\/#primaryimage\"},\"thumbnailUrl\":\"https:\\\/\\\/www.ataunturismoa.eus\\\/wp-content\\\/uploads\\\/2019\\\/11\\\/sanztegi-p-160x120.jpg\",\"datePublished\":\"2020-03-27T08:22:23+00:00\",\"dateModified\":\"2020-08-01T14:56:41+00:00\",\"breadcrumb\":{\"@id\":\"https:\\\/\\\/www.ataunturismoa.eus\\\/eu\\\/leyenda\\\/sanztegiko-lamia\\\/#breadcrumb\"},\"inLanguage\":\"es\",\"potentialAction\":[{\"@type\":\"ReadAction\",\"target\":[\"https:\\\/\\\/www.ataunturismoa.eus\\\/eu\\\/leyenda\\\/sanztegiko-lamia\\\/\"]}]},{\"@type\":\"ImageObject\",\"inLanguage\":\"es\",\"@id\":\"https:\\\/\\\/www.ataunturismoa.eus\\\/eu\\\/leyenda\\\/sanztegiko-lamia\\\/#primaryimage\",\"url\":\"https:\\\/\\\/www.ataunturismoa.eus\\\/wp-content\\\/uploads\\\/2019\\\/11\\\/sanztegi-p-160x120.jpg\",\"contentUrl\":\"https:\\\/\\\/www.ataunturismoa.eus\\\/wp-content\\\/uploads\\\/2019\\\/11\\\/sanztegi-p-160x120.jpg\"},{\"@type\":\"BreadcrumbList\",\"@id\":\"https:\\\/\\\/www.ataunturismoa.eus\\\/eu\\\/leyenda\\\/sanztegiko-lamia\\\/#breadcrumb\",\"itemListElement\":[{\"@type\":\"ListItem\",\"position\":1,\"name\":\"Inicio\",\"item\":\"https:\\\/\\\/www.ataunturismoa.eus\\\/es\\\/\"},{\"@type\":\"ListItem\",\"position\":2,\"name\":\"Mitoak eta kondairak\",\"item\":\"https:\\\/\\\/www.ataunturismoa.eus\\\/es\\\/leyenda\\\/\"},{\"@type\":\"ListItem\",\"position\":3,\"name\":\"La lamia de Sanztegi\"}]},{\"@type\":\"WebSite\",\"@id\":\"https:\\\/\\\/www.ataunturismoa.eus\\\/eu\\\/#website\",\"url\":\"https:\\\/\\\/www.ataunturismoa.eus\\\/eu\\\/\",\"name\":\"Ataun Turismoa\",\"description\":\"\",\"potentialAction\":[{\"@type\":\"SearchAction\",\"target\":{\"@type\":\"EntryPoint\",\"urlTemplate\":\"https:\\\/\\\/www.ataunturismoa.eus\\\/eu\\\/?s={search_term_string}\"},\"query-input\":{\"@type\":\"PropertyValueSpecification\",\"valueRequired\":true,\"valueName\":\"search_term_string\"}}],\"inLanguage\":\"es\"}]}<\/script>\n<!-- \/ Yoast SEO plugin. -->","yoast_head_json":{"title":"La lamia de Sanztegi - Ataun Turismoa","robots":{"index":"index","follow":"follow","max-snippet":"max-snippet:-1","max-image-preview":"max-image-preview:large","max-video-preview":"max-video-preview:-1"},"canonical":"https:\/\/www.ataunturismoa.eus\/eu\/leyenda\/sanztegiko-lamia\/","og_locale":"es_ES","og_type":"article","og_title":"La lamia de Sanztegi - Ataun Turismoa","og_description":"Como muchos otros en todo el mundo, cierto d\u00eda el due\u00f1o de Sanztegi cultivaba la tierra con sus bueyes. De repente los bueyes se le escapan hacia el pozo Lami\u00f1osin, con arado y todo. Y del pozo sale una&nbsp;lamia&nbsp;con el cabello enredado en los dientes del arado. Entonces el hombre dice a la lamia que [&hellip;]","og_url":"https:\/\/www.ataunturismoa.eus\/eu\/leyenda\/sanztegiko-lamia\/","og_site_name":"Ataun Turismoa","article_modified_time":"2020-08-01T14:56:41+00:00","og_image":[{"url":"https:\/\/www.ataunturismoa.eus\/wp-content\/uploads\/2019\/11\/sanztegi-p-160x120.jpg","type":"","width":"","height":""}],"twitter_card":"summary_large_image","twitter_misc":{"Tiempo de lectura":"1 minuto"},"schema":{"@context":"https:\/\/schema.org","@graph":[{"@type":"WebPage","@id":"https:\/\/www.ataunturismoa.eus\/eu\/leyenda\/sanztegiko-lamia\/","url":"https:\/\/www.ataunturismoa.eus\/eu\/leyenda\/sanztegiko-lamia\/","name":"La lamia de Sanztegi - Ataun Turismoa","isPartOf":{"@id":"https:\/\/www.ataunturismoa.eus\/eu\/#website"},"primaryImageOfPage":{"@id":"https:\/\/www.ataunturismoa.eus\/eu\/leyenda\/sanztegiko-lamia\/#primaryimage"},"image":{"@id":"https:\/\/www.ataunturismoa.eus\/eu\/leyenda\/sanztegiko-lamia\/#primaryimage"},"thumbnailUrl":"https:\/\/www.ataunturismoa.eus\/wp-content\/uploads\/2019\/11\/sanztegi-p-160x120.jpg","datePublished":"2020-03-27T08:22:23+00:00","dateModified":"2020-08-01T14:56:41+00:00","breadcrumb":{"@id":"https:\/\/www.ataunturismoa.eus\/eu\/leyenda\/sanztegiko-lamia\/#breadcrumb"},"inLanguage":"es","potentialAction":[{"@type":"ReadAction","target":["https:\/\/www.ataunturismoa.eus\/eu\/leyenda\/sanztegiko-lamia\/"]}]},{"@type":"ImageObject","inLanguage":"es","@id":"https:\/\/www.ataunturismoa.eus\/eu\/leyenda\/sanztegiko-lamia\/#primaryimage","url":"https:\/\/www.ataunturismoa.eus\/wp-content\/uploads\/2019\/11\/sanztegi-p-160x120.jpg","contentUrl":"https:\/\/www.ataunturismoa.eus\/wp-content\/uploads\/2019\/11\/sanztegi-p-160x120.jpg"},{"@type":"BreadcrumbList","@id":"https:\/\/www.ataunturismoa.eus\/eu\/leyenda\/sanztegiko-lamia\/#breadcrumb","itemListElement":[{"@type":"ListItem","position":1,"name":"Inicio","item":"https:\/\/www.ataunturismoa.eus\/es\/"},{"@type":"ListItem","position":2,"name":"Mitoak eta kondairak","item":"https:\/\/www.ataunturismoa.eus\/es\/leyenda\/"},{"@type":"ListItem","position":3,"name":"La lamia de Sanztegi"}]},{"@type":"WebSite","@id":"https:\/\/www.ataunturismoa.eus\/eu\/#website","url":"https:\/\/www.ataunturismoa.eus\/eu\/","name":"Ataun Turismoa","description":"","potentialAction":[{"@type":"SearchAction","target":{"@type":"EntryPoint","urlTemplate":"https:\/\/www.ataunturismoa.eus\/eu\/?s={search_term_string}"},"query-input":{"@type":"PropertyValueSpecification","valueRequired":true,"valueName":"search_term_string"}}],"inLanguage":"es"}]}},"_links":{"self":[{"href":"https:\/\/www.ataunturismoa.eus\/es\/wp-json\/wp\/v2\/leyenda\/2149","targetHints":{"allow":["GET"]}}],"collection":[{"href":"https:\/\/www.ataunturismoa.eus\/es\/wp-json\/wp\/v2\/leyenda"}],"about":[{"href":"https:\/\/www.ataunturismoa.eus\/es\/wp-json\/wp\/v2\/types\/leyenda"}],"wp:attachment":[{"href":"https:\/\/www.ataunturismoa.eus\/es\/wp-json\/wp\/v2\/media?parent=2149"}],"curies":[{"name":"wp","href":"https:\/\/api.w.org\/{rel}","templated":true}]}}

<p><a href="https://www.ataunturismoa.eus/wp-content/uploads/2019/11/sanztegi-p.jpg" data-mce-href="https://www.ataunturismoa.eus/wp-content/uploads/2019/11/sanztegi-p.jpg"><img loading="lazy" decoding="async" class="alignleft size-ataun_43_thumbnail wp-image-1611" src="https://www.ataunturismoa.eus/wp-content/uploads/2019/11/sanztegi-p-160x120.jpg" alt="" width="160" height="120" data-mce-src="https://www.ataunturismoa.eus/wp-content/uploads/2019/11/sanztegi-p-160x120.jpg"></a></p>
<p>Como muchos otros en todo el mundo, cierto día el dueño de Sanztegi cultivaba la tierra con sus bueyes.</p>
<p>De repente los bueyes se le escapan hacia el pozo Lamiñosin, con arado y todo. Y del pozo sale una&nbsp;<a href="http://www.ataunturismoa.net/es/mitologia-ataunen/hiztegia.php#lamias" target="_self" rel="noopener noreferrer" data-mce-href="http://www.ataunturismoa.net/es/mitologia-ataunen/hiztegia.php#lamias">lamia</a>&nbsp;con el cabello enredado en los dientes del arado.</p>
<p>Entonces el hombre dice a la lamia que él la mantendrá y que vaya con él a su casa. Y allí va la lamia, obedeciendo al hombre. Pero por mucho que lo intentara no podía articular palabra. Una noche, el hombre puso la leche a cocer y se fue a la cuadra dejando a la lamia sola en la cocina. Cuando la leche comenzó a desbordarse la lamia se escapó por la chimenea gritando «lo blanco sube», dejando su peine en la cocina.</p>
<p>Al día siguiente la lamia regresó y llamó a la señora de Sanztegi:</p>
<p>Señora Geaxi;<br />Devuélvame mi peine;<br />De lo contrario haré perder;<br />Su futura descendencia.</p>
<p>Entonces Geaxi acudió a su confesor para saber qué debía hacer y éste le dijo que pusiera el peine de la lamia sobre un palo largo. Así hizo Geaxi, y llamó a la lamia. Vino, cogió el peine y se esfumó partiendo el palo en dos. Y colorín colorado, esta historia se ha acabado.</p>
<p></p>

<!-- This site is optimized with the Yoast SEO plugin v27.5 - https://yoast.com/product/yoast-seo-wordpress/ -->
<title>La lamia de Sanztegi - Ataun Turismoa</title>
<meta name="robots" content="index, follow, max-snippet:-1, max-image-preview:large, max-video-preview:-1" />
<link rel="canonical" href="https://www.ataunturismoa.eus/eu/leyenda/sanztegiko-lamia/" />
<meta property="og:locale" content="es_ES" />
<meta property="og:type" content="article" />
<meta property="og:title" content="La lamia de Sanztegi - Ataun Turismoa" />
<meta property="og:description" content="Como muchos otros en todo el mundo, cierto día el dueño de Sanztegi cultivaba la tierra con sus bueyes. De repente los bueyes se le escapan hacia el pozo Lamiñosin, con arado y todo. Y del pozo sale una&nbsp;lamia&nbsp;con el cabello enredado en los dientes del arado. Entonces el hombre dice a la lamia que [&hellip;]" />
<meta property="og:url" content="https://www.ataunturismoa.eus/eu/leyenda/sanztegiko-lamia/" />
<meta property="og:site_name" content="Ataun Turismoa" />
<meta property="article:modified_time" content="2020-08-01T14:56:41+00:00" />
<meta property="og:image" content="https://www.ataunturismoa.eus/wp-content/uploads/2019/11/sanztegi-p-160x120.jpg" />
<meta name="twitter:card" content="summary_large_image" />
<meta name="twitter:label1" content="Tiempo de lectura" />
	<meta name="twitter:data1" content="1 minuto" />
<script type="application/ld+json" class="yoast-schema-graph">{"@context":"https:\/\/schema.org","@graph":[{"@type":"WebPage","@id":"https:\/\/www.ataunturismoa.eus\/eu\/leyenda\/sanztegiko-lamia\/","url":"https:\/\/www.ataunturismoa.eus\/eu\/leyenda\/sanztegiko-lamia\/","name":"La lamia de Sanztegi - Ataun Turismoa","isPartOf":{"@id":"https:\/\/www.ataunturismoa.eus\/eu\/#website"},"primaryImageOfPage":{"@id":"https:\/\/www.ataunturismoa.eus\/eu\/leyenda\/sanztegiko-lamia\/#primaryimage"},"image":{"@id":"https:\/\/www.ataunturismoa.eus\/eu\/leyenda\/sanztegiko-lamia\/#primaryimage"},"thumbnailUrl":"https:\/\/www.ataunturismoa.eus\/wp-content\/uploads\/2019\/11\/sanztegi-p-160x120.jpg","datePublished":"2020-03-27T08:22:23+00:00","dateModified":"2020-08-01T14:56:41+00:00","breadcrumb":{"@id":"https:\/\/www.ataunturismoa.eus\/eu\/leyenda\/sanztegiko-lamia\/#breadcrumb"},"inLanguage":"es","potentialAction":[{"@type":"ReadAction","target":["https:\/\/www.ataunturismoa.eus\/eu\/leyenda\/sanztegiko-lamia\/"]}]},{"@type":"ImageObject","inLanguage":"es","@id":"https:\/\/www.ataunturismoa.eus\/eu\/leyenda\/sanztegiko-lamia\/#primaryimage","url":"https:\/\/www.ataunturismoa.eus\/wp-content\/uploads\/2019\/11\/sanztegi-p-160x120.jpg","contentUrl":"https:\/\/www.ataunturismoa.eus\/wp-content\/uploads\/2019\/11\/sanztegi-p-160x120.jpg"},{"@type":"BreadcrumbList","@id":"https:\/\/www.ataunturismoa.eus\/eu\/leyenda\/sanztegiko-lamia\/#breadcrumb","itemListElement":[{"@type":"ListItem","position":1,"name":"Inicio","item":"https:\/\/www.ataunturismoa.eus\/es\/"},{"@type":"ListItem","position":2,"name":"Mitoak eta kondairak","item":"https:\/\/www.ataunturismoa.eus\/es\/leyenda\/"},{"@type":"ListItem","position":3,"name":"La lamia de Sanztegi"}]},{"@type":"WebSite","@id":"https:\/\/www.ataunturismoa.eus\/eu\/#website","url":"https:\/\/www.ataunturismoa.eus\/eu\/","name":"Ataun Turismoa","description":"","potentialAction":[{"@type":"SearchAction","target":{"@type":"EntryPoint","urlTemplate":"https:\/\/www.ataunturismoa.eus\/eu\/?s={search_term_string}"},"query-input":{"@type":"PropertyValueSpecification","valueRequired":true,"valueName":"search_term_string"}}],"inLanguage":"es"}]}</script>
<!-- / Yoast SEO plugin. -->

Como muchos otros en todo el mundo, cierto día el dueño de Sanztegi cultivaba la tierra con sus bueyes. De repente los bueyes se le escapan hacia el pozo Lamiñosin, con arado y todo. Y del pozo sale una&nbsp;lamia&nbsp;con el cabello enredado en los dientes del arado. Entonces el hombre dice a la lamia que [&hellip;]
