{"id":2271,"date":"2020-03-30T15:43:37","date_gmt":"2020-03-30T13:43:37","guid":{"rendered":"https:\/\/www.ataunturismoa.eus\/leyenda\/la-sabana-dorada-y-la-maldicion-del-caserio-agerre\/"},"modified":"2020-08-01T17:09:25","modified_gmt":"2020-08-01T15:09:25","slug":"la-sabana-dorada-y-la-maldicion-del-caserio-agerre","status":"publish","type":"leyenda","link":"https:\/\/www.ataunturismoa.eus\/ca\/leyenda\/la-sabana-dorada-y-la-maldicion-del-caserio-agerre\/","title":{"rendered":"El llen\u00e7ol daurat i la maledicci\u00f3 del caseriu Agerre"},"content":{"rendered":"<p><a href=\"https:\/\/www.ataunturismoa.eus\/wp-content\/uploads\/2019\/11\/agerre-p.jpg\"><img loading=\"lazy\" decoding=\"async\" class=\"alignleft size-ataun_43_thumbnail wp-image-1680\" src=\"https:\/\/www.ataunturismoa.eus\/wp-content\/uploads\/2019\/11\/agerre-p-160x120.jpg\" alt=\"\" width=\"160\" height=\"120\" \/><\/a><\/p>\n<p>En el passat vivien gentils en Jentilbaratza. Moltes nits baixaven al caseriu Agerre a jugar a cartes, fins que el gall cant\u00e9s a l&#8217;alba.<\/p>\n<p>Una vegada l&#8217;amo d&#8217;Agerre es va posar malalt i va acudir a l&#8217;esgl\u00e9sia a rebre els sagraments. Quan els gentils ho van saber, encara que no eren cristians, van baixar el llen\u00e7ol daurat a Agerre i van vestir el llit amb ell perqu\u00e8 el malalt reb\u00e9s els sants sagraments.<\/p>\n<p>Segons sembla, els d\u2019Agerre desitjaven quedar-se amb el llen\u00e7ol daurat, el van clavar al llit, i fins i tot van obligar al gall a cantar.<\/p>\n<p>Quan els gentils van sentir el cant del gall, van tirar del llen\u00e7ol i es van anar corrent, per\u00f2 un tros del llen\u00e7ol va quedar pegat al llit, i els gentils van llen\u00e7ar una maledicci\u00f3: que mentre Agerre fora Agerre, en aquella casa no faltarien malalties o discapacitats. I des de llavors sempre hi ha hagut alguna persona malalta a Agerre.<\/p>\n","protected":false},"template":"","class_list":["post-2271","leyenda","type-leyenda","status-publish","hentry"],"acf":[],"yoast_head":"<!-- This site is optimized with the Yoast SEO plugin v27.5 - https:\/\/yoast.com\/product\/yoast-seo-wordpress\/ -->\n<title>El llen\u00e7ol daurat i la maledicci\u00f3 del caseriu Agerre - Ataun Turismoa<\/title>\n<meta name=\"robots\" content=\"index, follow, max-snippet:-1, max-image-preview:large, max-video-preview:-1\" \/>\n<link rel=\"canonical\" href=\"https:\/\/www.ataunturismoa.eus\/eu\/leyenda\/urrezko-izara-eta-agerre-baserriko-madarikazioa\/\" \/>\n<meta property=\"og:locale\" content=\"ca_ES\" \/>\n<meta property=\"og:type\" content=\"article\" \/>\n<meta property=\"og:title\" content=\"El llen\u00e7ol daurat i la maledicci\u00f3 del caseriu Agerre - Ataun Turismoa\" \/>\n<meta property=\"og:description\" content=\"En el passat vivien gentils en Jentilbaratza. Moltes nits baixaven al caseriu Agerre a jugar a cartes, fins que el gall cant\u00e9s a l&#8217;alba. Una vegada l&#8217;amo d&#8217;Agerre es va posar malalt i va acudir a l&#8217;esgl\u00e9sia a rebre els sagraments. Quan els gentils ho van saber, encara que no eren cristians, van baixar el [&hellip;]\" \/>\n<meta property=\"og:url\" content=\"https:\/\/www.ataunturismoa.eus\/eu\/leyenda\/urrezko-izara-eta-agerre-baserriko-madarikazioa\/\" \/>\n<meta property=\"og:site_name\" content=\"Ataun Turismoa\" \/>\n<meta property=\"article:modified_time\" content=\"2020-08-01T15:09:25+00:00\" \/>\n<meta property=\"og:image\" content=\"https:\/\/www.ataunturismoa.eus\/wp-content\/uploads\/2019\/11\/agerre-p-160x120.jpg\" \/>\n<meta name=\"twitter:card\" content=\"summary_large_image\" \/>\n<meta name=\"twitter:label1\" content=\"Temps estimat de lectura\" \/>\n\t<meta name=\"twitter:data1\" content=\"1 minut\" \/>\n<script type=\"application\/ld+json\" class=\"yoast-schema-graph\">{\"@context\":\"https:\\\/\\\/schema.org\",\"@graph\":[{\"@type\":\"WebPage\",\"@id\":\"https:\\\/\\\/www.ataunturismoa.eus\\\/eu\\\/leyenda\\\/urrezko-izara-eta-agerre-baserriko-madarikazioa\\\/\",\"url\":\"https:\\\/\\\/www.ataunturismoa.eus\\\/eu\\\/leyenda\\\/urrezko-izara-eta-agerre-baserriko-madarikazioa\\\/\",\"name\":\"El llen\u00e7ol daurat i la maledicci\u00f3 del caseriu Agerre - Ataun Turismoa\",\"isPartOf\":{\"@id\":\"https:\\\/\\\/www.ataunturismoa.eus\\\/eu\\\/#website\"},\"primaryImageOfPage\":{\"@id\":\"https:\\\/\\\/www.ataunturismoa.eus\\\/eu\\\/leyenda\\\/urrezko-izara-eta-agerre-baserriko-madarikazioa\\\/#primaryimage\"},\"image\":{\"@id\":\"https:\\\/\\\/www.ataunturismoa.eus\\\/eu\\\/leyenda\\\/urrezko-izara-eta-agerre-baserriko-madarikazioa\\\/#primaryimage\"},\"thumbnailUrl\":\"https:\\\/\\\/www.ataunturismoa.eus\\\/wp-content\\\/uploads\\\/2019\\\/11\\\/agerre-p-160x120.jpg\",\"datePublished\":\"2020-03-30T13:43:37+00:00\",\"dateModified\":\"2020-08-01T15:09:25+00:00\",\"breadcrumb\":{\"@id\":\"https:\\\/\\\/www.ataunturismoa.eus\\\/eu\\\/leyenda\\\/urrezko-izara-eta-agerre-baserriko-madarikazioa\\\/#breadcrumb\"},\"inLanguage\":\"ca\",\"potentialAction\":[{\"@type\":\"ReadAction\",\"target\":[\"https:\\\/\\\/www.ataunturismoa.eus\\\/eu\\\/leyenda\\\/urrezko-izara-eta-agerre-baserriko-madarikazioa\\\/\"]}]},{\"@type\":\"ImageObject\",\"inLanguage\":\"ca\",\"@id\":\"https:\\\/\\\/www.ataunturismoa.eus\\\/eu\\\/leyenda\\\/urrezko-izara-eta-agerre-baserriko-madarikazioa\\\/#primaryimage\",\"url\":\"https:\\\/\\\/www.ataunturismoa.eus\\\/wp-content\\\/uploads\\\/2019\\\/11\\\/agerre-p-160x120.jpg\",\"contentUrl\":\"https:\\\/\\\/www.ataunturismoa.eus\\\/wp-content\\\/uploads\\\/2019\\\/11\\\/agerre-p-160x120.jpg\"},{\"@type\":\"BreadcrumbList\",\"@id\":\"https:\\\/\\\/www.ataunturismoa.eus\\\/eu\\\/leyenda\\\/urrezko-izara-eta-agerre-baserriko-madarikazioa\\\/#breadcrumb\",\"itemListElement\":[{\"@type\":\"ListItem\",\"position\":1,\"name\":\"Inicio\",\"item\":\"https:\\\/\\\/www.ataunturismoa.eus\\\/ca\\\/\"},{\"@type\":\"ListItem\",\"position\":2,\"name\":\"Mitoak eta kondairak\",\"item\":\"https:\\\/\\\/www.ataunturismoa.eus\\\/es\\\/leyenda\\\/\"},{\"@type\":\"ListItem\",\"position\":3,\"name\":\"El llen\u00e7ol daurat i la maledicci\u00f3 del caseriu Agerre\"}]},{\"@type\":\"WebSite\",\"@id\":\"https:\\\/\\\/www.ataunturismoa.eus\\\/eu\\\/#website\",\"url\":\"https:\\\/\\\/www.ataunturismoa.eus\\\/eu\\\/\",\"name\":\"Ataun Turismoa\",\"description\":\"\",\"potentialAction\":[{\"@type\":\"SearchAction\",\"target\":{\"@type\":\"EntryPoint\",\"urlTemplate\":\"https:\\\/\\\/www.ataunturismoa.eus\\\/eu\\\/?s={search_term_string}\"},\"query-input\":{\"@type\":\"PropertyValueSpecification\",\"valueRequired\":true,\"valueName\":\"search_term_string\"}}],\"inLanguage\":\"ca\"}]}<\/script>\n<!-- \/ Yoast SEO plugin. -->","yoast_head_json":{"title":"El llen\u00e7ol daurat i la maledicci\u00f3 del caseriu Agerre - Ataun Turismoa","robots":{"index":"index","follow":"follow","max-snippet":"max-snippet:-1","max-image-preview":"max-image-preview:large","max-video-preview":"max-video-preview:-1"},"canonical":"https:\/\/www.ataunturismoa.eus\/eu\/leyenda\/urrezko-izara-eta-agerre-baserriko-madarikazioa\/","og_locale":"ca_ES","og_type":"article","og_title":"El llen\u00e7ol daurat i la maledicci\u00f3 del caseriu Agerre - Ataun Turismoa","og_description":"En el passat vivien gentils en Jentilbaratza. Moltes nits baixaven al caseriu Agerre a jugar a cartes, fins que el gall cant\u00e9s a l&#8217;alba. Una vegada l&#8217;amo d&#8217;Agerre es va posar malalt i va acudir a l&#8217;esgl\u00e9sia a rebre els sagraments. Quan els gentils ho van saber, encara que no eren cristians, van baixar el [&hellip;]","og_url":"https:\/\/www.ataunturismoa.eus\/eu\/leyenda\/urrezko-izara-eta-agerre-baserriko-madarikazioa\/","og_site_name":"Ataun Turismoa","article_modified_time":"2020-08-01T15:09:25+00:00","og_image":[{"url":"https:\/\/www.ataunturismoa.eus\/wp-content\/uploads\/2019\/11\/agerre-p-160x120.jpg","type":"","width":"","height":""}],"twitter_card":"summary_large_image","twitter_misc":{"Temps estimat de lectura":"1 minut"},"schema":{"@context":"https:\/\/schema.org","@graph":[{"@type":"WebPage","@id":"https:\/\/www.ataunturismoa.eus\/eu\/leyenda\/urrezko-izara-eta-agerre-baserriko-madarikazioa\/","url":"https:\/\/www.ataunturismoa.eus\/eu\/leyenda\/urrezko-izara-eta-agerre-baserriko-madarikazioa\/","name":"El llen\u00e7ol daurat i la maledicci\u00f3 del caseriu Agerre - Ataun Turismoa","isPartOf":{"@id":"https:\/\/www.ataunturismoa.eus\/eu\/#website"},"primaryImageOfPage":{"@id":"https:\/\/www.ataunturismoa.eus\/eu\/leyenda\/urrezko-izara-eta-agerre-baserriko-madarikazioa\/#primaryimage"},"image":{"@id":"https:\/\/www.ataunturismoa.eus\/eu\/leyenda\/urrezko-izara-eta-agerre-baserriko-madarikazioa\/#primaryimage"},"thumbnailUrl":"https:\/\/www.ataunturismoa.eus\/wp-content\/uploads\/2019\/11\/agerre-p-160x120.jpg","datePublished":"2020-03-30T13:43:37+00:00","dateModified":"2020-08-01T15:09:25+00:00","breadcrumb":{"@id":"https:\/\/www.ataunturismoa.eus\/eu\/leyenda\/urrezko-izara-eta-agerre-baserriko-madarikazioa\/#breadcrumb"},"inLanguage":"ca","potentialAction":[{"@type":"ReadAction","target":["https:\/\/www.ataunturismoa.eus\/eu\/leyenda\/urrezko-izara-eta-agerre-baserriko-madarikazioa\/"]}]},{"@type":"ImageObject","inLanguage":"ca","@id":"https:\/\/www.ataunturismoa.eus\/eu\/leyenda\/urrezko-izara-eta-agerre-baserriko-madarikazioa\/#primaryimage","url":"https:\/\/www.ataunturismoa.eus\/wp-content\/uploads\/2019\/11\/agerre-p-160x120.jpg","contentUrl":"https:\/\/www.ataunturismoa.eus\/wp-content\/uploads\/2019\/11\/agerre-p-160x120.jpg"},{"@type":"BreadcrumbList","@id":"https:\/\/www.ataunturismoa.eus\/eu\/leyenda\/urrezko-izara-eta-agerre-baserriko-madarikazioa\/#breadcrumb","itemListElement":[{"@type":"ListItem","position":1,"name":"Inicio","item":"https:\/\/www.ataunturismoa.eus\/ca\/"},{"@type":"ListItem","position":2,"name":"Mitoak eta kondairak","item":"https:\/\/www.ataunturismoa.eus\/es\/leyenda\/"},{"@type":"ListItem","position":3,"name":"El llen\u00e7ol daurat i la maledicci\u00f3 del caseriu Agerre"}]},{"@type":"WebSite","@id":"https:\/\/www.ataunturismoa.eus\/eu\/#website","url":"https:\/\/www.ataunturismoa.eus\/eu\/","name":"Ataun Turismoa","description":"","potentialAction":[{"@type":"SearchAction","target":{"@type":"EntryPoint","urlTemplate":"https:\/\/www.ataunturismoa.eus\/eu\/?s={search_term_string}"},"query-input":{"@type":"PropertyValueSpecification","valueRequired":true,"valueName":"search_term_string"}}],"inLanguage":"ca"}]}},"_links":{"self":[{"href":"https:\/\/www.ataunturismoa.eus\/ca\/wp-json\/wp\/v2\/leyenda\/2271","targetHints":{"allow":["GET"]}}],"collection":[{"href":"https:\/\/www.ataunturismoa.eus\/ca\/wp-json\/wp\/v2\/leyenda"}],"about":[{"href":"https:\/\/www.ataunturismoa.eus\/ca\/wp-json\/wp\/v2\/types\/leyenda"}],"wp:attachment":[{"href":"https:\/\/www.ataunturismoa.eus\/ca\/wp-json\/wp\/v2\/media?parent=2271"}],"curies":[{"name":"wp","href":"https:\/\/api.w.org\/{rel}","templated":true}]}}

El llençol daurat i la maledicció del caseriu Agerre

<p><a href="https://www.ataunturismoa.eus/wp-content/uploads/2019/11/agerre-p.jpg"><img loading="lazy" decoding="async" class="alignleft size-ataun_43_thumbnail wp-image-1680" src="https://www.ataunturismoa.eus/wp-content/uploads/2019/11/agerre-p-160x120.jpg" alt="" width="160" height="120" /></a></p>
<p>En el passat vivien gentils en Jentilbaratza. Moltes nits baixaven al caseriu Agerre a jugar a cartes, fins que el gall cantés a l&#8217;alba.</p>
<p>Una vegada l&#8217;amo d&#8217;Agerre es va posar malalt i va acudir a l&#8217;església a rebre els sagraments. Quan els gentils ho van saber, encara que no eren cristians, van baixar el llençol daurat a Agerre i van vestir el llit amb ell perquè el malalt rebés els sants sagraments.</p>
<p>Segons sembla, els d’Agerre desitjaven quedar-se amb el llençol daurat, el van clavar al llit, i fins i tot van obligar al gall a cantar.</p>
<p>Quan els gentils van sentir el cant del gall, van tirar del llençol i es van anar corrent, però un tros del llençol va quedar pegat al llit, i els gentils van llençar una maledicció: que mentre Agerre fora Agerre, en aquella casa no faltarien malalties o discapacitats. I des de llavors sempre hi ha hagut alguna persona malalta a Agerre.</p>

<!-- This site is optimized with the Yoast SEO plugin v27.5 - https://yoast.com/product/yoast-seo-wordpress/ -->
<title>El llençol daurat i la maledicció del caseriu Agerre - Ataun Turismoa</title>
<meta name="robots" content="index, follow, max-snippet:-1, max-image-preview:large, max-video-preview:-1" />
<link rel="canonical" href="https://www.ataunturismoa.eus/eu/leyenda/urrezko-izara-eta-agerre-baserriko-madarikazioa/" />
<meta property="og:locale" content="ca_ES" />
<meta property="og:type" content="article" />
<meta property="og:title" content="El llençol daurat i la maledicció del caseriu Agerre - Ataun Turismoa" />
<meta property="og:description" content="En el passat vivien gentils en Jentilbaratza. Moltes nits baixaven al caseriu Agerre a jugar a cartes, fins que el gall cantés a l&#8217;alba. Una vegada l&#8217;amo d&#8217;Agerre es va posar malalt i va acudir a l&#8217;església a rebre els sagraments. Quan els gentils ho van saber, encara que no eren cristians, van baixar el [&hellip;]" />
<meta property="og:url" content="https://www.ataunturismoa.eus/eu/leyenda/urrezko-izara-eta-agerre-baserriko-madarikazioa/" />
<meta property="og:site_name" content="Ataun Turismoa" />
<meta property="article:modified_time" content="2020-08-01T15:09:25+00:00" />
<meta property="og:image" content="https://www.ataunturismoa.eus/wp-content/uploads/2019/11/agerre-p-160x120.jpg" />
<meta name="twitter:card" content="summary_large_image" />
<meta name="twitter:label1" content="Temps estimat de lectura" />
	<meta name="twitter:data1" content="1 minut" />
<script type="application/ld+json" class="yoast-schema-graph">{"@context":"https:\/\/schema.org","@graph":[{"@type":"WebPage","@id":"https:\/\/www.ataunturismoa.eus\/eu\/leyenda\/urrezko-izara-eta-agerre-baserriko-madarikazioa\/","url":"https:\/\/www.ataunturismoa.eus\/eu\/leyenda\/urrezko-izara-eta-agerre-baserriko-madarikazioa\/","name":"El llençol daurat i la maledicció del caseriu Agerre - Ataun Turismoa","isPartOf":{"@id":"https:\/\/www.ataunturismoa.eus\/eu\/#website"},"primaryImageOfPage":{"@id":"https:\/\/www.ataunturismoa.eus\/eu\/leyenda\/urrezko-izara-eta-agerre-baserriko-madarikazioa\/#primaryimage"},"image":{"@id":"https:\/\/www.ataunturismoa.eus\/eu\/leyenda\/urrezko-izara-eta-agerre-baserriko-madarikazioa\/#primaryimage"},"thumbnailUrl":"https:\/\/www.ataunturismoa.eus\/wp-content\/uploads\/2019\/11\/agerre-p-160x120.jpg","datePublished":"2020-03-30T13:43:37+00:00","dateModified":"2020-08-01T15:09:25+00:00","breadcrumb":{"@id":"https:\/\/www.ataunturismoa.eus\/eu\/leyenda\/urrezko-izara-eta-agerre-baserriko-madarikazioa\/#breadcrumb"},"inLanguage":"ca","potentialAction":[{"@type":"ReadAction","target":["https:\/\/www.ataunturismoa.eus\/eu\/leyenda\/urrezko-izara-eta-agerre-baserriko-madarikazioa\/"]}]},{"@type":"ImageObject","inLanguage":"ca","@id":"https:\/\/www.ataunturismoa.eus\/eu\/leyenda\/urrezko-izara-eta-agerre-baserriko-madarikazioa\/#primaryimage","url":"https:\/\/www.ataunturismoa.eus\/wp-content\/uploads\/2019\/11\/agerre-p-160x120.jpg","contentUrl":"https:\/\/www.ataunturismoa.eus\/wp-content\/uploads\/2019\/11\/agerre-p-160x120.jpg"},{"@type":"BreadcrumbList","@id":"https:\/\/www.ataunturismoa.eus\/eu\/leyenda\/urrezko-izara-eta-agerre-baserriko-madarikazioa\/#breadcrumb","itemListElement":[{"@type":"ListItem","position":1,"name":"Inicio","item":"https:\/\/www.ataunturismoa.eus\/ca\/"},{"@type":"ListItem","position":2,"name":"Mitoak eta kondairak","item":"https:\/\/www.ataunturismoa.eus\/es\/leyenda\/"},{"@type":"ListItem","position":3,"name":"El llençol daurat i la maledicció del caseriu Agerre"}]},{"@type":"WebSite","@id":"https:\/\/www.ataunturismoa.eus\/eu\/#website","url":"https:\/\/www.ataunturismoa.eus\/eu\/","name":"Ataun Turismoa","description":"","potentialAction":[{"@type":"SearchAction","target":{"@type":"EntryPoint","urlTemplate":"https:\/\/www.ataunturismoa.eus\/eu\/?s={search_term_string}"},"query-input":{"@type":"PropertyValueSpecification","valueRequired":true,"valueName":"search_term_string"}}],"inLanguage":"ca"}]}</script>
<!-- / Yoast SEO plugin. -->

El llençol daurat i la maledicció del caseriu Agerre - Ataun Turismoa

En el passat vivien gentils en Jentilbaratza. Moltes nits baixaven al caseriu Agerre a jugar a cartes, fins que el gall cantés a l&#8217;alba. Una vegada l&#8217;amo d&#8217;Agerre es va posar malalt i va acudir a l&#8217;església a rebre els sagraments. Quan els gentils ho van saber, encara que no eren cristians, van baixar el [&hellip;]
