{"id":2263,"date":"2020-03-30T15:35:48","date_gmt":"2020-03-30T13:35:48","guid":{"rendered":"https:\/\/www.ataunturismoa.eus\/leyenda\/la-lamia-de-sanztegi\/"},"modified":"2020-08-01T17:08:28","modified_gmt":"2020-08-01T15:08:28","slug":"la-lamia-de-sanztegi","status":"publish","type":"leyenda","link":"https:\/\/www.ataunturismoa.eus\/ca\/leyenda\/la-lamia-de-sanztegi\/","title":{"rendered":"La lamia de Sanztegi"},"content":{"rendered":"<p><a href=\"https:\/\/www.ataunturismoa.eus\/wp-content\/uploads\/2019\/11\/sanztegi-p.jpg\"><img loading=\"lazy\" decoding=\"async\" class=\"alignleft size-ataun_43_thumbnail wp-image-1611\" src=\"https:\/\/www.ataunturismoa.eus\/wp-content\/uploads\/2019\/11\/sanztegi-p-160x120.jpg\" alt=\"\" width=\"160\" height=\"120\" \/><\/a><\/p>\n<p>Com molts altres a tot el m\u00f3n, cert dia l&#8217;amo de Sanztegi conreava la terra amb els seus llavors l&#8217;home diu a la lamia que ell la mantindr\u00e0 i que vagi amb ell a la seva casa. I all\u00e0 va la lamia, obeint a l&#8217;home. Per\u00f2 per molt que ho intent\u00e9s, no podia articular cap paraula. Una nit, l&#8217;home va posar la llet a coure i es va anar a la quadra deixant a la lamia sola en la cuina. Quan la llet va comen\u00e7ar a desbordar-se, la lamia es va escapar per la xemeneia cridant &#8220;el blanc puja&#8221;, deixant la seva pinta en la cuina. De sobte els bous se li van escapar cap al pou Lami\u00f1osin, amb llaurat i tot. I del pou va sortir una lamia amb els cabells embullats en les dents de l&#8217;arada.<\/p>\n<p>L&#8217;endem\u00e0, la lamia va tornar i va cridar a la senyora de Sanztegi:<\/p>\n<p>\u201cSenyora Geaxi:<\/p>\n<p>retorni&#8217;m la meva pinta.<\/p>\n<p>En cas contrari, far\u00e9 perdre<\/p>\n<p>la seva futura descend\u00e8ncia\u201d.<\/p>\n<p>Llavors Geaxi va acudir al seu confessor per saber qu\u00e8 havia de fer, i aquest li va dir que pos\u00e9s la pinta de la lamia sobre un pal llarg. Aix\u00ed va fer Geaxi, i va cridar a la lamia. Va agafar la pinta, i es va esfumar partint el pal en dos.<\/p>\n","protected":false},"template":"","class_list":["post-2263","leyenda","type-leyenda","status-publish","hentry"],"acf":[],"yoast_head":"<!-- This site is optimized with the Yoast SEO plugin v27.5 - https:\/\/yoast.com\/product\/yoast-seo-wordpress\/ -->\n<title>La lamia de Sanztegi - Ataun Turismoa<\/title>\n<meta name=\"robots\" content=\"index, follow, max-snippet:-1, max-image-preview:large, max-video-preview:-1\" \/>\n<link rel=\"canonical\" href=\"https:\/\/www.ataunturismoa.eus\/eu\/leyenda\/sanztegiko-lamia\/\" \/>\n<meta property=\"og:locale\" content=\"ca_ES\" \/>\n<meta property=\"og:type\" content=\"article\" \/>\n<meta property=\"og:title\" content=\"La lamia de Sanztegi - Ataun Turismoa\" \/>\n<meta property=\"og:description\" content=\"Com molts altres a tot el m\u00f3n, cert dia l&#8217;amo de Sanztegi conreava la terra amb els seus llavors l&#8217;home diu a la lamia que ell la mantindr\u00e0 i que vagi amb ell a la seva casa. I all\u00e0 va la lamia, obeint a l&#8217;home. Per\u00f2 per molt que ho intent\u00e9s, no podia articular cap [&hellip;]\" \/>\n<meta property=\"og:url\" content=\"https:\/\/www.ataunturismoa.eus\/eu\/leyenda\/sanztegiko-lamia\/\" \/>\n<meta property=\"og:site_name\" content=\"Ataun Turismoa\" \/>\n<meta property=\"article:modified_time\" content=\"2020-08-01T15:08:28+00:00\" \/>\n<meta property=\"og:image\" content=\"https:\/\/www.ataunturismoa.eus\/wp-content\/uploads\/2019\/11\/sanztegi-p-160x120.jpg\" \/>\n<meta name=\"twitter:card\" content=\"summary_large_image\" \/>\n<meta name=\"twitter:label1\" content=\"Temps estimat de lectura\" \/>\n\t<meta name=\"twitter:data1\" content=\"1 minut\" \/>\n<script type=\"application\/ld+json\" class=\"yoast-schema-graph\">{\"@context\":\"https:\\\/\\\/schema.org\",\"@graph\":[{\"@type\":\"WebPage\",\"@id\":\"https:\\\/\\\/www.ataunturismoa.eus\\\/eu\\\/leyenda\\\/sanztegiko-lamia\\\/\",\"url\":\"https:\\\/\\\/www.ataunturismoa.eus\\\/eu\\\/leyenda\\\/sanztegiko-lamia\\\/\",\"name\":\"La lamia de Sanztegi - Ataun Turismoa\",\"isPartOf\":{\"@id\":\"https:\\\/\\\/www.ataunturismoa.eus\\\/eu\\\/#website\"},\"primaryImageOfPage\":{\"@id\":\"https:\\\/\\\/www.ataunturismoa.eus\\\/eu\\\/leyenda\\\/sanztegiko-lamia\\\/#primaryimage\"},\"image\":{\"@id\":\"https:\\\/\\\/www.ataunturismoa.eus\\\/eu\\\/leyenda\\\/sanztegiko-lamia\\\/#primaryimage\"},\"thumbnailUrl\":\"https:\\\/\\\/www.ataunturismoa.eus\\\/wp-content\\\/uploads\\\/2019\\\/11\\\/sanztegi-p-160x120.jpg\",\"datePublished\":\"2020-03-30T13:35:48+00:00\",\"dateModified\":\"2020-08-01T15:08:28+00:00\",\"breadcrumb\":{\"@id\":\"https:\\\/\\\/www.ataunturismoa.eus\\\/eu\\\/leyenda\\\/sanztegiko-lamia\\\/#breadcrumb\"},\"inLanguage\":\"ca\",\"potentialAction\":[{\"@type\":\"ReadAction\",\"target\":[\"https:\\\/\\\/www.ataunturismoa.eus\\\/eu\\\/leyenda\\\/sanztegiko-lamia\\\/\"]}]},{\"@type\":\"ImageObject\",\"inLanguage\":\"ca\",\"@id\":\"https:\\\/\\\/www.ataunturismoa.eus\\\/eu\\\/leyenda\\\/sanztegiko-lamia\\\/#primaryimage\",\"url\":\"https:\\\/\\\/www.ataunturismoa.eus\\\/wp-content\\\/uploads\\\/2019\\\/11\\\/sanztegi-p-160x120.jpg\",\"contentUrl\":\"https:\\\/\\\/www.ataunturismoa.eus\\\/wp-content\\\/uploads\\\/2019\\\/11\\\/sanztegi-p-160x120.jpg\"},{\"@type\":\"BreadcrumbList\",\"@id\":\"https:\\\/\\\/www.ataunturismoa.eus\\\/eu\\\/leyenda\\\/sanztegiko-lamia\\\/#breadcrumb\",\"itemListElement\":[{\"@type\":\"ListItem\",\"position\":1,\"name\":\"Inicio\",\"item\":\"https:\\\/\\\/www.ataunturismoa.eus\\\/ca\\\/\"},{\"@type\":\"ListItem\",\"position\":2,\"name\":\"Mitoak eta kondairak\",\"item\":\"https:\\\/\\\/www.ataunturismoa.eus\\\/es\\\/leyenda\\\/\"},{\"@type\":\"ListItem\",\"position\":3,\"name\":\"La lamia de Sanztegi\"}]},{\"@type\":\"WebSite\",\"@id\":\"https:\\\/\\\/www.ataunturismoa.eus\\\/eu\\\/#website\",\"url\":\"https:\\\/\\\/www.ataunturismoa.eus\\\/eu\\\/\",\"name\":\"Ataun Turismoa\",\"description\":\"\",\"potentialAction\":[{\"@type\":\"SearchAction\",\"target\":{\"@type\":\"EntryPoint\",\"urlTemplate\":\"https:\\\/\\\/www.ataunturismoa.eus\\\/eu\\\/?s={search_term_string}\"},\"query-input\":{\"@type\":\"PropertyValueSpecification\",\"valueRequired\":true,\"valueName\":\"search_term_string\"}}],\"inLanguage\":\"ca\"}]}<\/script>\n<!-- \/ Yoast SEO plugin. -->","yoast_head_json":{"title":"La lamia de Sanztegi - Ataun Turismoa","robots":{"index":"index","follow":"follow","max-snippet":"max-snippet:-1","max-image-preview":"max-image-preview:large","max-video-preview":"max-video-preview:-1"},"canonical":"https:\/\/www.ataunturismoa.eus\/eu\/leyenda\/sanztegiko-lamia\/","og_locale":"ca_ES","og_type":"article","og_title":"La lamia de Sanztegi - Ataun Turismoa","og_description":"Com molts altres a tot el m\u00f3n, cert dia l&#8217;amo de Sanztegi conreava la terra amb els seus llavors l&#8217;home diu a la lamia que ell la mantindr\u00e0 i que vagi amb ell a la seva casa. I all\u00e0 va la lamia, obeint a l&#8217;home. Per\u00f2 per molt que ho intent\u00e9s, no podia articular cap [&hellip;]","og_url":"https:\/\/www.ataunturismoa.eus\/eu\/leyenda\/sanztegiko-lamia\/","og_site_name":"Ataun Turismoa","article_modified_time":"2020-08-01T15:08:28+00:00","og_image":[{"url":"https:\/\/www.ataunturismoa.eus\/wp-content\/uploads\/2019\/11\/sanztegi-p-160x120.jpg","type":"","width":"","height":""}],"twitter_card":"summary_large_image","twitter_misc":{"Temps estimat de lectura":"1 minut"},"schema":{"@context":"https:\/\/schema.org","@graph":[{"@type":"WebPage","@id":"https:\/\/www.ataunturismoa.eus\/eu\/leyenda\/sanztegiko-lamia\/","url":"https:\/\/www.ataunturismoa.eus\/eu\/leyenda\/sanztegiko-lamia\/","name":"La lamia de Sanztegi - Ataun Turismoa","isPartOf":{"@id":"https:\/\/www.ataunturismoa.eus\/eu\/#website"},"primaryImageOfPage":{"@id":"https:\/\/www.ataunturismoa.eus\/eu\/leyenda\/sanztegiko-lamia\/#primaryimage"},"image":{"@id":"https:\/\/www.ataunturismoa.eus\/eu\/leyenda\/sanztegiko-lamia\/#primaryimage"},"thumbnailUrl":"https:\/\/www.ataunturismoa.eus\/wp-content\/uploads\/2019\/11\/sanztegi-p-160x120.jpg","datePublished":"2020-03-30T13:35:48+00:00","dateModified":"2020-08-01T15:08:28+00:00","breadcrumb":{"@id":"https:\/\/www.ataunturismoa.eus\/eu\/leyenda\/sanztegiko-lamia\/#breadcrumb"},"inLanguage":"ca","potentialAction":[{"@type":"ReadAction","target":["https:\/\/www.ataunturismoa.eus\/eu\/leyenda\/sanztegiko-lamia\/"]}]},{"@type":"ImageObject","inLanguage":"ca","@id":"https:\/\/www.ataunturismoa.eus\/eu\/leyenda\/sanztegiko-lamia\/#primaryimage","url":"https:\/\/www.ataunturismoa.eus\/wp-content\/uploads\/2019\/11\/sanztegi-p-160x120.jpg","contentUrl":"https:\/\/www.ataunturismoa.eus\/wp-content\/uploads\/2019\/11\/sanztegi-p-160x120.jpg"},{"@type":"BreadcrumbList","@id":"https:\/\/www.ataunturismoa.eus\/eu\/leyenda\/sanztegiko-lamia\/#breadcrumb","itemListElement":[{"@type":"ListItem","position":1,"name":"Inicio","item":"https:\/\/www.ataunturismoa.eus\/ca\/"},{"@type":"ListItem","position":2,"name":"Mitoak eta kondairak","item":"https:\/\/www.ataunturismoa.eus\/es\/leyenda\/"},{"@type":"ListItem","position":3,"name":"La lamia de Sanztegi"}]},{"@type":"WebSite","@id":"https:\/\/www.ataunturismoa.eus\/eu\/#website","url":"https:\/\/www.ataunturismoa.eus\/eu\/","name":"Ataun Turismoa","description":"","potentialAction":[{"@type":"SearchAction","target":{"@type":"EntryPoint","urlTemplate":"https:\/\/www.ataunturismoa.eus\/eu\/?s={search_term_string}"},"query-input":{"@type":"PropertyValueSpecification","valueRequired":true,"valueName":"search_term_string"}}],"inLanguage":"ca"}]}},"_links":{"self":[{"href":"https:\/\/www.ataunturismoa.eus\/ca\/wp-json\/wp\/v2\/leyenda\/2263","targetHints":{"allow":["GET"]}}],"collection":[{"href":"https:\/\/www.ataunturismoa.eus\/ca\/wp-json\/wp\/v2\/leyenda"}],"about":[{"href":"https:\/\/www.ataunturismoa.eus\/ca\/wp-json\/wp\/v2\/types\/leyenda"}],"wp:attachment":[{"href":"https:\/\/www.ataunturismoa.eus\/ca\/wp-json\/wp\/v2\/media?parent=2263"}],"curies":[{"name":"wp","href":"https:\/\/api.w.org\/{rel}","templated":true}]}}

<p><a href="https://www.ataunturismoa.eus/wp-content/uploads/2019/11/sanztegi-p.jpg"><img loading="lazy" decoding="async" class="alignleft size-ataun_43_thumbnail wp-image-1611" src="https://www.ataunturismoa.eus/wp-content/uploads/2019/11/sanztegi-p-160x120.jpg" alt="" width="160" height="120" /></a></p>
<p>Com molts altres a tot el món, cert dia l&#8217;amo de Sanztegi conreava la terra amb els seus llavors l&#8217;home diu a la lamia que ell la mantindrà i que vagi amb ell a la seva casa. I allà va la lamia, obeint a l&#8217;home. Però per molt que ho intentés, no podia articular cap paraula. Una nit, l&#8217;home va posar la llet a coure i es va anar a la quadra deixant a la lamia sola en la cuina. Quan la llet va començar a desbordar-se, la lamia es va escapar per la xemeneia cridant &#8220;el blanc puja&#8221;, deixant la seva pinta en la cuina. De sobte els bous se li van escapar cap al pou Lamiñosin, amb llaurat i tot. I del pou va sortir una lamia amb els cabells embullats en les dents de l&#8217;arada.</p>
<p>L&#8217;endemà, la lamia va tornar i va cridar a la senyora de Sanztegi:</p>
<p>“Senyora Geaxi:</p>
<p>retorni&#8217;m la meva pinta.</p>
<p>En cas contrari, faré perdre</p>
<p>la seva futura descendència”.</p>
<p>Llavors Geaxi va acudir al seu confessor per saber què havia de fer, i aquest li va dir que posés la pinta de la lamia sobre un pal llarg. Així va fer Geaxi, i va cridar a la lamia. Va agafar la pinta, i es va esfumar partint el pal en dos.</p>

<!-- This site is optimized with the Yoast SEO plugin v27.5 - https://yoast.com/product/yoast-seo-wordpress/ -->
<title>La lamia de Sanztegi - Ataun Turismoa</title>
<meta name="robots" content="index, follow, max-snippet:-1, max-image-preview:large, max-video-preview:-1" />
<link rel="canonical" href="https://www.ataunturismoa.eus/eu/leyenda/sanztegiko-lamia/" />
<meta property="og:locale" content="ca_ES" />
<meta property="og:type" content="article" />
<meta property="og:title" content="La lamia de Sanztegi - Ataun Turismoa" />
<meta property="og:description" content="Com molts altres a tot el món, cert dia l&#8217;amo de Sanztegi conreava la terra amb els seus llavors l&#8217;home diu a la lamia que ell la mantindrà i que vagi amb ell a la seva casa. I allà va la lamia, obeint a l&#8217;home. Però per molt que ho intentés, no podia articular cap [&hellip;]" />
<meta property="og:url" content="https://www.ataunturismoa.eus/eu/leyenda/sanztegiko-lamia/" />
<meta property="og:site_name" content="Ataun Turismoa" />
<meta property="article:modified_time" content="2020-08-01T15:08:28+00:00" />
<meta property="og:image" content="https://www.ataunturismoa.eus/wp-content/uploads/2019/11/sanztegi-p-160x120.jpg" />
<meta name="twitter:card" content="summary_large_image" />
<meta name="twitter:label1" content="Temps estimat de lectura" />
	<meta name="twitter:data1" content="1 minut" />
<script type="application/ld+json" class="yoast-schema-graph">{"@context":"https:\/\/schema.org","@graph":[{"@type":"WebPage","@id":"https:\/\/www.ataunturismoa.eus\/eu\/leyenda\/sanztegiko-lamia\/","url":"https:\/\/www.ataunturismoa.eus\/eu\/leyenda\/sanztegiko-lamia\/","name":"La lamia de Sanztegi - Ataun Turismoa","isPartOf":{"@id":"https:\/\/www.ataunturismoa.eus\/eu\/#website"},"primaryImageOfPage":{"@id":"https:\/\/www.ataunturismoa.eus\/eu\/leyenda\/sanztegiko-lamia\/#primaryimage"},"image":{"@id":"https:\/\/www.ataunturismoa.eus\/eu\/leyenda\/sanztegiko-lamia\/#primaryimage"},"thumbnailUrl":"https:\/\/www.ataunturismoa.eus\/wp-content\/uploads\/2019\/11\/sanztegi-p-160x120.jpg","datePublished":"2020-03-30T13:35:48+00:00","dateModified":"2020-08-01T15:08:28+00:00","breadcrumb":{"@id":"https:\/\/www.ataunturismoa.eus\/eu\/leyenda\/sanztegiko-lamia\/#breadcrumb"},"inLanguage":"ca","potentialAction":[{"@type":"ReadAction","target":["https:\/\/www.ataunturismoa.eus\/eu\/leyenda\/sanztegiko-lamia\/"]}]},{"@type":"ImageObject","inLanguage":"ca","@id":"https:\/\/www.ataunturismoa.eus\/eu\/leyenda\/sanztegiko-lamia\/#primaryimage","url":"https:\/\/www.ataunturismoa.eus\/wp-content\/uploads\/2019\/11\/sanztegi-p-160x120.jpg","contentUrl":"https:\/\/www.ataunturismoa.eus\/wp-content\/uploads\/2019\/11\/sanztegi-p-160x120.jpg"},{"@type":"BreadcrumbList","@id":"https:\/\/www.ataunturismoa.eus\/eu\/leyenda\/sanztegiko-lamia\/#breadcrumb","itemListElement":[{"@type":"ListItem","position":1,"name":"Inicio","item":"https:\/\/www.ataunturismoa.eus\/ca\/"},{"@type":"ListItem","position":2,"name":"Mitoak eta kondairak","item":"https:\/\/www.ataunturismoa.eus\/es\/leyenda\/"},{"@type":"ListItem","position":3,"name":"La lamia de Sanztegi"}]},{"@type":"WebSite","@id":"https:\/\/www.ataunturismoa.eus\/eu\/#website","url":"https:\/\/www.ataunturismoa.eus\/eu\/","name":"Ataun Turismoa","description":"","potentialAction":[{"@type":"SearchAction","target":{"@type":"EntryPoint","urlTemplate":"https:\/\/www.ataunturismoa.eus\/eu\/?s={search_term_string}"},"query-input":{"@type":"PropertyValueSpecification","valueRequired":true,"valueName":"search_term_string"}}],"inLanguage":"ca"}]}</script>
<!-- / Yoast SEO plugin. -->

Com molts altres a tot el món, cert dia l&#8217;amo de Sanztegi conreava la terra amb els seus llavors l&#8217;home diu a la lamia que ell la mantindrà i que vagi amb ell a la seva casa. I allà va la lamia, obeint a l&#8217;home. Però per molt que ho intentés, no podia articular cap [&hellip;]
