{"id":2311,"date":"2020-06-30T10:36:21","date_gmt":"2020-06-30T08:36:21","guid":{"rendered":"https:\/\/www.ataunturismoa.eus\/main_event\/recordant-el-passat-memoria-historica\/"},"modified":"2020-08-06T09:15:37","modified_gmt":"2020-08-06T07:15:37","slug":"recordant-el-passat-memoria-historica","status":"publish","type":"ekitaldi_nagusiak","link":"https:\/\/www.ataunturismoa.eus\/ca\/actes-principals\/recordant-el-passat-memoria-historica\/","title":{"rendered":"\u201cRecordant el passat\u201d Mem\u00f2ria hist\u00f2rica"},"content":{"rendered":"<p>Cicle organitzat en col\u00b7laboraci\u00f3 per diferents associacions del municipi amb l&#8217;objectiu de donar a con\u00e8ixer els fets hist\u00f2rics d&#8217;Ataun i d\u2019Euskal Herria. Se celebra a la tardor-hivern i s&#8217;organitzen confer\u00e8ncies, activitats guiades, concerts, homenatges&#8230;<\/p>\n","protected":false},"excerpt":{"rendered":"<p>Aut sit non eum possimus id cum dicta velit qui earum vel non sit vero totam corrupti a ad laborum tempore eum et inventore quae ullam sapiente voluptatem deleniti.<\/p>\n","protected":false},"featured_media":2319,"template":"","class_list":["post-2311","ekitaldi_nagusiak","type-ekitaldi_nagusiak","status-publish","has-post-thumbnail","hentry"],"acf":[],"yoast_head":"<!-- This site is optimized with the Yoast SEO plugin v27.5 - https:\/\/yoast.com\/product\/yoast-seo-wordpress\/ -->\n<title>\u201cRecordant el passat\u201d Mem\u00f2ria hist\u00f2rica - Ataun Turismoa<\/title>\n<meta name=\"robots\" content=\"index, follow, max-snippet:-1, max-image-preview:large, max-video-preview:-1\" \/>\n<link rel=\"canonical\" href=\"https:\/\/www.ataunturismoa.eus\/eu\/actes-principals\/memoria-historikoa\/\" \/>\n<meta property=\"og:locale\" content=\"ca_ES\" \/>\n<meta property=\"og:type\" content=\"article\" \/>\n<meta property=\"og:title\" content=\"\u201cRecordant el passat\u201d Mem\u00f2ria hist\u00f2rica - Ataun Turismoa\" \/>\n<meta property=\"og:description\" content=\"Aut sit non eum possimus id cum dicta velit qui earum vel non sit vero totam corrupti a ad laborum tempore eum et inventore quae ullam sapiente voluptatem deleniti.\" \/>\n<meta property=\"og:url\" content=\"https:\/\/www.ataunturismoa.eus\/eu\/actes-principals\/memoria-historikoa\/\" \/>\n<meta property=\"og:site_name\" content=\"Ataun Turismoa\" \/>\n<meta property=\"article:modified_time\" content=\"2020-08-06T07:15:37+00:00\" \/>\n<meta property=\"og:image\" content=\"https:\/\/www.ataunturismoa.eus\/wp-content\/uploads\/2019\/09\/MEMORIA-HISTORIKOA-1.jpg\" \/>\n\t<meta property=\"og:image:width\" content=\"2480\" \/>\n\t<meta property=\"og:image:height\" content=\"1754\" \/>\n\t<meta property=\"og:image:type\" content=\"image\/jpeg\" \/>\n<meta name=\"twitter:card\" content=\"summary_large_image\" \/>\n<script type=\"application\/ld+json\" class=\"yoast-schema-graph\">{\"@context\":\"https:\\\/\\\/schema.org\",\"@graph\":[{\"@type\":\"WebPage\",\"@id\":\"https:\\\/\\\/www.ataunturismoa.eus\\\/eu\\\/actes-principals\\\/memoria-historikoa\\\/\",\"url\":\"https:\\\/\\\/www.ataunturismoa.eus\\\/eu\\\/actes-principals\\\/memoria-historikoa\\\/\",\"name\":\"\u201cRecordant el passat\u201d Mem\u00f2ria hist\u00f2rica - Ataun Turismoa\",\"isPartOf\":{\"@id\":\"https:\\\/\\\/www.ataunturismoa.eus\\\/eu\\\/#website\"},\"primaryImageOfPage\":{\"@id\":\"https:\\\/\\\/www.ataunturismoa.eus\\\/eu\\\/actes-principals\\\/memoria-historikoa\\\/#primaryimage\"},\"image\":{\"@id\":\"https:\\\/\\\/www.ataunturismoa.eus\\\/eu\\\/actes-principals\\\/memoria-historikoa\\\/#primaryimage\"},\"thumbnailUrl\":\"https:\\\/\\\/www.ataunturismoa.eus\\\/wp-content\\\/uploads\\\/2019\\\/09\\\/MEMORIA-HISTORIKOA-1.jpg\",\"datePublished\":\"2020-06-30T08:36:21+00:00\",\"dateModified\":\"2020-08-06T07:15:37+00:00\",\"breadcrumb\":{\"@id\":\"https:\\\/\\\/www.ataunturismoa.eus\\\/eu\\\/actes-principals\\\/memoria-historikoa\\\/#breadcrumb\"},\"inLanguage\":\"ca\",\"potentialAction\":[{\"@type\":\"ReadAction\",\"target\":[\"https:\\\/\\\/www.ataunturismoa.eus\\\/eu\\\/actes-principals\\\/memoria-historikoa\\\/\"]}]},{\"@type\":\"ImageObject\",\"inLanguage\":\"ca\",\"@id\":\"https:\\\/\\\/www.ataunturismoa.eus\\\/eu\\\/actes-principals\\\/memoria-historikoa\\\/#primaryimage\",\"url\":\"https:\\\/\\\/www.ataunturismoa.eus\\\/wp-content\\\/uploads\\\/2019\\\/09\\\/MEMORIA-HISTORIKOA-1.jpg\",\"contentUrl\":\"https:\\\/\\\/www.ataunturismoa.eus\\\/wp-content\\\/uploads\\\/2019\\\/09\\\/MEMORIA-HISTORIKOA-1.jpg\",\"width\":2480,\"height\":1754},{\"@type\":\"BreadcrumbList\",\"@id\":\"https:\\\/\\\/www.ataunturismoa.eus\\\/eu\\\/actes-principals\\\/memoria-historikoa\\\/#breadcrumb\",\"itemListElement\":[{\"@type\":\"ListItem\",\"position\":1,\"name\":\"Inicio\",\"item\":\"https:\\\/\\\/www.ataunturismoa.eus\\\/ca\\\/\"},{\"@type\":\"ListItem\",\"position\":2,\"name\":\"Ekitaldi nagusiak\",\"item\":\"https:\\\/\\\/www.ataunturismoa.eus\\\/es\\\/eventos-principales\\\/\"},{\"@type\":\"ListItem\",\"position\":3,\"name\":\"\u201cRecordant el passat\u201d Mem\u00f2ria hist\u00f2rica\"}]},{\"@type\":\"WebSite\",\"@id\":\"https:\\\/\\\/www.ataunturismoa.eus\\\/eu\\\/#website\",\"url\":\"https:\\\/\\\/www.ataunturismoa.eus\\\/eu\\\/\",\"name\":\"Ataun Turismoa\",\"description\":\"\",\"potentialAction\":[{\"@type\":\"SearchAction\",\"target\":{\"@type\":\"EntryPoint\",\"urlTemplate\":\"https:\\\/\\\/www.ataunturismoa.eus\\\/eu\\\/?s={search_term_string}\"},\"query-input\":{\"@type\":\"PropertyValueSpecification\",\"valueRequired\":true,\"valueName\":\"search_term_string\"}}],\"inLanguage\":\"ca\"}]}<\/script>\n<!-- \/ Yoast SEO plugin. -->","yoast_head_json":{"title":"\u201cRecordant el passat\u201d Mem\u00f2ria hist\u00f2rica - Ataun Turismoa","robots":{"index":"index","follow":"follow","max-snippet":"max-snippet:-1","max-image-preview":"max-image-preview:large","max-video-preview":"max-video-preview:-1"},"canonical":"https:\/\/www.ataunturismoa.eus\/eu\/actes-principals\/memoria-historikoa\/","og_locale":"ca_ES","og_type":"article","og_title":"\u201cRecordant el passat\u201d Mem\u00f2ria hist\u00f2rica - Ataun Turismoa","og_description":"Aut sit non eum possimus id cum dicta velit qui earum vel non sit vero totam corrupti a ad laborum tempore eum et inventore quae ullam sapiente voluptatem deleniti.","og_url":"https:\/\/www.ataunturismoa.eus\/eu\/actes-principals\/memoria-historikoa\/","og_site_name":"Ataun Turismoa","article_modified_time":"2020-08-06T07:15:37+00:00","og_image":[{"width":2480,"height":1754,"url":"https:\/\/www.ataunturismoa.eus\/wp-content\/uploads\/2019\/09\/MEMORIA-HISTORIKOA-1.jpg","type":"image\/jpeg"}],"twitter_card":"summary_large_image","schema":{"@context":"https:\/\/schema.org","@graph":[{"@type":"WebPage","@id":"https:\/\/www.ataunturismoa.eus\/eu\/actes-principals\/memoria-historikoa\/","url":"https:\/\/www.ataunturismoa.eus\/eu\/actes-principals\/memoria-historikoa\/","name":"\u201cRecordant el passat\u201d Mem\u00f2ria hist\u00f2rica - Ataun Turismoa","isPartOf":{"@id":"https:\/\/www.ataunturismoa.eus\/eu\/#website"},"primaryImageOfPage":{"@id":"https:\/\/www.ataunturismoa.eus\/eu\/actes-principals\/memoria-historikoa\/#primaryimage"},"image":{"@id":"https:\/\/www.ataunturismoa.eus\/eu\/actes-principals\/memoria-historikoa\/#primaryimage"},"thumbnailUrl":"https:\/\/www.ataunturismoa.eus\/wp-content\/uploads\/2019\/09\/MEMORIA-HISTORIKOA-1.jpg","datePublished":"2020-06-30T08:36:21+00:00","dateModified":"2020-08-06T07:15:37+00:00","breadcrumb":{"@id":"https:\/\/www.ataunturismoa.eus\/eu\/actes-principals\/memoria-historikoa\/#breadcrumb"},"inLanguage":"ca","potentialAction":[{"@type":"ReadAction","target":["https:\/\/www.ataunturismoa.eus\/eu\/actes-principals\/memoria-historikoa\/"]}]},{"@type":"ImageObject","inLanguage":"ca","@id":"https:\/\/www.ataunturismoa.eus\/eu\/actes-principals\/memoria-historikoa\/#primaryimage","url":"https:\/\/www.ataunturismoa.eus\/wp-content\/uploads\/2019\/09\/MEMORIA-HISTORIKOA-1.jpg","contentUrl":"https:\/\/www.ataunturismoa.eus\/wp-content\/uploads\/2019\/09\/MEMORIA-HISTORIKOA-1.jpg","width":2480,"height":1754},{"@type":"BreadcrumbList","@id":"https:\/\/www.ataunturismoa.eus\/eu\/actes-principals\/memoria-historikoa\/#breadcrumb","itemListElement":[{"@type":"ListItem","position":1,"name":"Inicio","item":"https:\/\/www.ataunturismoa.eus\/ca\/"},{"@type":"ListItem","position":2,"name":"Ekitaldi nagusiak","item":"https:\/\/www.ataunturismoa.eus\/es\/eventos-principales\/"},{"@type":"ListItem","position":3,"name":"\u201cRecordant el passat\u201d Mem\u00f2ria hist\u00f2rica"}]},{"@type":"WebSite","@id":"https:\/\/www.ataunturismoa.eus\/eu\/#website","url":"https:\/\/www.ataunturismoa.eus\/eu\/","name":"Ataun Turismoa","description":"","potentialAction":[{"@type":"SearchAction","target":{"@type":"EntryPoint","urlTemplate":"https:\/\/www.ataunturismoa.eus\/eu\/?s={search_term_string}"},"query-input":{"@type":"PropertyValueSpecification","valueRequired":true,"valueName":"search_term_string"}}],"inLanguage":"ca"}]}},"_links":{"self":[{"href":"https:\/\/www.ataunturismoa.eus\/ca\/wp-json\/wp\/v2\/ekitaldi_nagusiak\/2311","targetHints":{"allow":["GET"]}}],"collection":[{"href":"https:\/\/www.ataunturismoa.eus\/ca\/wp-json\/wp\/v2\/ekitaldi_nagusiak"}],"about":[{"href":"https:\/\/www.ataunturismoa.eus\/ca\/wp-json\/wp\/v2\/types\/ekitaldi_nagusiak"}],"wp:featuredmedia":[{"embeddable":true,"href":"https:\/\/www.ataunturismoa.eus\/ca\/wp-json\/wp\/v2\/media\/2319"}],"wp:attachment":[{"href":"https:\/\/www.ataunturismoa.eus\/ca\/wp-json\/wp\/v2\/media?parent=2311"}],"curies":[{"name":"wp","href":"https:\/\/api.w.org\/{rel}","templated":true}]}}

“Recordant el passat” Memòria històrica

<p>Cicle organitzat en col·laboració per diferents associacions del municipi amb l&#8217;objectiu de donar a conèixer els fets històrics d&#8217;Ataun i d’Euskal Herria. Se celebra a la tardor-hivern i s&#8217;organitzen conferències, activitats guiades, concerts, homenatges&#8230;</p>

<!-- This site is optimized with the Yoast SEO plugin v27.5 - https://yoast.com/product/yoast-seo-wordpress/ -->
<title>“Recordant el passat” Memòria històrica - Ataun Turismoa</title>
<meta name="robots" content="index, follow, max-snippet:-1, max-image-preview:large, max-video-preview:-1" />
<link rel="canonical" href="https://www.ataunturismoa.eus/eu/actes-principals/memoria-historikoa/" />
<meta property="og:locale" content="ca_ES" />
<meta property="og:type" content="article" />
<meta property="og:title" content="“Recordant el passat” Memòria històrica - Ataun Turismoa" />
<meta property="og:description" content="Aut sit non eum possimus id cum dicta velit qui earum vel non sit vero totam corrupti a ad laborum tempore eum et inventore quae ullam sapiente voluptatem deleniti." />
<meta property="og:url" content="https://www.ataunturismoa.eus/eu/actes-principals/memoria-historikoa/" />
<meta property="og:site_name" content="Ataun Turismoa" />
<meta property="article:modified_time" content="2020-08-06T07:15:37+00:00" />
<meta property="og:image" content="https://www.ataunturismoa.eus/wp-content/uploads/2019/09/MEMORIA-HISTORIKOA-1.jpg" />
	<meta property="og:image:width" content="2480" />
	<meta property="og:image:height" content="1754" />
	<meta property="og:image:type" content="image/jpeg" />
<meta name="twitter:card" content="summary_large_image" />
<script type="application/ld+json" class="yoast-schema-graph">{"@context":"https:\/\/schema.org","@graph":[{"@type":"WebPage","@id":"https:\/\/www.ataunturismoa.eus\/eu\/actes-principals\/memoria-historikoa\/","url":"https:\/\/www.ataunturismoa.eus\/eu\/actes-principals\/memoria-historikoa\/","name":"“Recordant el passat” Memòria històrica - Ataun Turismoa","isPartOf":{"@id":"https:\/\/www.ataunturismoa.eus\/eu\/#website"},"primaryImageOfPage":{"@id":"https:\/\/www.ataunturismoa.eus\/eu\/actes-principals\/memoria-historikoa\/#primaryimage"},"image":{"@id":"https:\/\/www.ataunturismoa.eus\/eu\/actes-principals\/memoria-historikoa\/#primaryimage"},"thumbnailUrl":"https:\/\/www.ataunturismoa.eus\/wp-content\/uploads\/2019\/09\/MEMORIA-HISTORIKOA-1.jpg","datePublished":"2020-06-30T08:36:21+00:00","dateModified":"2020-08-06T07:15:37+00:00","breadcrumb":{"@id":"https:\/\/www.ataunturismoa.eus\/eu\/actes-principals\/memoria-historikoa\/#breadcrumb"},"inLanguage":"ca","potentialAction":[{"@type":"ReadAction","target":["https:\/\/www.ataunturismoa.eus\/eu\/actes-principals\/memoria-historikoa\/"]}]},{"@type":"ImageObject","inLanguage":"ca","@id":"https:\/\/www.ataunturismoa.eus\/eu\/actes-principals\/memoria-historikoa\/#primaryimage","url":"https:\/\/www.ataunturismoa.eus\/wp-content\/uploads\/2019\/09\/MEMORIA-HISTORIKOA-1.jpg","contentUrl":"https:\/\/www.ataunturismoa.eus\/wp-content\/uploads\/2019\/09\/MEMORIA-HISTORIKOA-1.jpg","width":2480,"height":1754},{"@type":"BreadcrumbList","@id":"https:\/\/www.ataunturismoa.eus\/eu\/actes-principals\/memoria-historikoa\/#breadcrumb","itemListElement":[{"@type":"ListItem","position":1,"name":"Inicio","item":"https:\/\/www.ataunturismoa.eus\/ca\/"},{"@type":"ListItem","position":2,"name":"Ekitaldi nagusiak","item":"https:\/\/www.ataunturismoa.eus\/es\/eventos-principales\/"},{"@type":"ListItem","position":3,"name":"“Recordant el passat” Memòria històrica"}]},{"@type":"WebSite","@id":"https:\/\/www.ataunturismoa.eus\/eu\/#website","url":"https:\/\/www.ataunturismoa.eus\/eu\/","name":"Ataun Turismoa","description":"","potentialAction":[{"@type":"SearchAction","target":{"@type":"EntryPoint","urlTemplate":"https:\/\/www.ataunturismoa.eus\/eu\/?s={search_term_string}"},"query-input":{"@type":"PropertyValueSpecification","valueRequired":true,"valueName":"search_term_string"}}],"inLanguage":"ca"}]}</script>
<!-- / Yoast SEO plugin. -->

“Recordant el passat” Memòria històrica - Ataun Turismoa
